er when 16/24 - (-408)/9 is divided by 8.
6
Let q be -1*(-2 + 3)*-1. What is the remainder when 33 is divided by (q + 14)*(-6)/(-10)?
6
Suppose -7 = -i + 14. What is the remainder when i is divided by 12?
9
Let o = -49 + 99. What is the remainder when o is divided by -51*(-1)/(-3)*-1?
16
Let c be 3*(-3)/(-9)*5. Suppose p - c = -0*p. Calculate the remainder when (-2)/4 - 19/(-2) is divided by p.
4
Let z(u) = u**3 + 3*u**2 - 5*u + 4. What is the remainder when z(4) is divided by 14?
12
Let c = -21 - -43. Let a be (-24)/(-20) - 2/10. Let w(t) = 11*t**2 + 2*t - 1. What is the remainder when c is divided by w(a)?
10
Let l = 213 - 114. Calculate the remainder when l is divided by 20.
19
Let f(s) = -s**3 - 4*s**2 + 4*s - 1. Let n be f(-5). Let y = -4 + n. Suppose 4*c = y, 0*j + c = 4*j - 28. Calculate the remainder when j is divided by 4.
3
Let r(j) be the second derivative of 4*j**3/3 + j**2 - 2*j. Calculate the remainder when 53 is divided by r(2).
17
Let n(t) = -16*t**3. Let x = 115 + -70. Suppose 2*a = 7*a - x. What is the remainder when n(-1) is divided by a?
7
What is the remainder when (-6)/(-12) + 4/((-32)/(-468)) is divided by 26?
7
Suppose 2*m + 10 = 2*w, 5*w + 0*m = 3*m + 25. Suppose d - 24 = 5*d - h, -5 = 5*d + w*h. What is the remainder when 9 is divided by (-1 + -1)*d/2?
4
Suppose s - 5*s = -32. Calculate the remainder when 22 is divided by s.
6
Let u = 5 - 7. What is the remainder when 25 is divided by (-2)/u - (-6)/1?
4
Let f(h) = -3*h**3 - h**2 + h. Let w(q) = 2*q**2 + 5*q - 7. Calculate the remainder when w(-6) is divided by f(-2).
17
Suppose 6*m = 4*q + 2*m - 128, -3 = 3*m. Suppose 121 - 33 = 8*h. What is the remainder when q is divided by h?
9
Let j be 25/(-4) - (-3)/12. Suppose 3*f - 98 = -6*q + q, -q + 38 = -4*f. Calculate the remainder when q is divided by 3*(-4)/j - -10.
10
Suppose -8 = -2*v, 4*s + 21 + 3 = 4*v. Let m be 86 + 3 + s + -1. Calculate the remainder when 29 is divided by m/6 + 2/3.
14
Let m = 9 + -2. Let p = 27 - m. What is the remainder when 59 is divided by p?
19
Let x = -16 + 26. Let a = -95 - -101. Calculate the remainder when x is divided by a.
4
What is the remainder when (-17)/(85/(-42)) + 3/5 is divided by 4?
1
Let z = 10 - 7. Let s(q) = 8*q + q**z - 2*q**2 - 2 - 6*q**2 + 3. What is the remainder when 22 is divided by s(7)?
6
Let a = -125 + 183. What is the remainder when a is divided by 12?
10
Let x be (-114)/(-22) - (-18)/(-99). Suppose -h + 0*h + 4*j = -35, x*j = -3*h + 122. What is the remainder when h is divided by 10?
9
Suppose 4*l = 9*l - 10. What is the remainder when 14 is divided by (-16)/3*(-3)/l?
6
Let u = -27 + 49. Suppose -o + 4 = f, f = o + 10 + 2. Calculate the remainder when u is divided by f.
6
Let x(s) = 8*s - 4. Calculate the remainder when 22 is divided by x(2).
10
Let d(b) be the third derivative of b**5/12 - b**4/8 + b**3/3 - 4*b**2. Calculate the remainder when d(2) is divided by 6.
4
Suppose -5*d + 0*d = -10. Suppose 4*j - 40 = d*j + 2*a, -a = 5*j - 82. Let b = j + -12. Calculate the remainder when 13 is divided by b.
3
Calculate the remainder when -34*(-1)/((-6)/(-9)) + 3 is divided by 30.
24
Suppose 4*r = 161 + 199. Let n = r - 36. What is the remainder when n is divided by 14?
12
Let i(x) = 5*x**2 - 3*x + 3. What is the remainder when 36 is divided by i(2)?
2
Suppose 87 = 4*q + 5*f, -f + 19 = -3*q + 70. Calculate the remainder when q is divided by (-3)/(1 + (-52)/40).
8
Let n(c) = 7*c - 7. What is the remainder when 55 is divided by n(5)?
27
Let z(q) = -q**2 + 160. Let r be z(0). Suppose 4*p - r = 12. Calculate the remainder when p is divided by 11.
10
Let n be 1*-2*15/(-6). Suppose 0 = -5*j + 4*q - 6, 2*j + j - 2*q = -2. Suppose n*a - j*a = 6. What is the remainder when 5 is divided by a?
1
Suppose -5*q = -6*q + 17. What is the remainder when 33 is divided by q?
16
Let j(o) = -2*o - 10. Let v = 4 - 15. What is the remainder when 46 is divided by j(v)?
10
Let l = 7 + -37. Calculate the remainder when ((-2)/12)/(5/l) is divided by 1.
0
Suppose -c + 3*p + 52 = 0, -2*c + 2*p + 122 = 34. Let r = 64 + -43. Calculate the remainder when c is divided by r.
19
Suppose 5*q + 11 - 48 = -2*d, 3*d + 5*q - 43 = 0. Calculate the remainder when 9 is divided by d.
3
Suppose -t + 0 + 2 = 0. What is the remainder when 37 + (5 + -3 - 5) is divided by 6/5*20/t?
10
Let n(y) = y**2 + 6*y + 1. Calculate the remainder when n(-6) is divided by 1.
0
Let u = -2 - -12. Suppose 5*v = u, 0 = -3*o + 2*v - v + 16. What is the remainder when o is divided by 4?
2
Calculate the remainder when -33*(-1 + 4 + -4) is divided by 9.
6
Let q(g) = 2*g**2 + 5. Calculate the remainder when q(-7) is divided by 27.
22
Let x(w) = 2*w**2 - 6*w. Let j(z) = -6*z + 51. Calculate the remainder when j(6) is divided by x(4).
7
Suppose 2 + 13 = 5*y. Suppose 0 = -y*b + 51 - 21. Calculate the remainder when 17 is divided by b.
7
Suppose -4*p = -2*d - 86, 3*p + d = 2*d + 63. Suppose 2*y - 4 = 10. Calculate the remainder when p is divided by y.
6
Suppose 0*v + 4*v = 20. Let g(o) = 27*o + 66. What is the remainder when g(-2) is divided by v?
2
Let f(j) = 4*j - 2 - 2*j - j. Let u be f(4). Calculate the remainder when 2 - 0*u/(-6) is divided by 1.
0
Let n(f) = -f**3 + f**2 - 2. Let m be n(0). Let k be (3 - -1) + 4/m. What is the remainder when 13 is divided by (k/4)/((-3)/(-30))?
3
What is the remainder when (46 + 1)/(-1*(3 - 4)) is divided by 24?
23
Suppose -5*u + 8 = -2. Suppose 4*h = 12, u*m - 4*h + 7*h - 17 = 0. Suppose -5*x + 4 = -m*x, 34 = 5*p - 4*x. What is the remainder when 29 is divided by p?
9
Suppose -4*x + 9 = -x. Calculate the remainder when 82 - x/(4 + -7) is divided by 14.
13
Suppose -2*i - 7 - 2 = -u, 0 = -u - 2*i + 17. Let x = -3 - -3. Let v = 7 + x. What is the remainder when u is divided by v?
6
Suppose -124 + 14 = -11*h. Let j = 47 + -8. Calculate the remainder when j is divided by h.
9
Suppose 6*o - 3*o = -3*y + 60, -5*y = -2*o + 40. What is the remainder when o is divided by 11?
9
Suppose -3*o + 99 = -0*o. Calculate the remainder when o is divided by 16.
1
Let z = -48 - -26. Let h = z - -103. Calculate the remainder when h is divided by 21.
18
Let v(h) = 5*h - 1. Let x be v(5). Let u = x + -17. Let d(y) = -y**2 - 7*y + 1. Calculate the remainder when d(-4) is divided by u.
6
Let w = 1 + 3. Calculate the remainder when ((-24)/(-30))/(w/90) is divided by 7.
4
Calculate the remainder when (-4)/18 - 184/(-18) is divided by (4/3)/(5/15).
2
Suppose 3*n + 0*n = 54. Calculate the remainder when n is divided by 11.
7
Let i = -84 - -101. What is the remainder when 66 is divided by i?
15
Let s be (-262)/(-14) - (-4)/14. Suppose -2*i = 5*a - s, 4*a - 10 = 2*i - i. Suppose 0 = 2*k - a - 5. Calculate the remainder when 11 is divided by k.
3
Let d(c) = 3*c**2 + 3*c. Calculate the remainder when 87 is divided by d(-3).
15
Let j(h) = 2*h**2 - h - 1. Let q = -15 - -41. Suppose -37 = -5*v - 4*a, 0*a = -4*v - 2*a + q. Calculate the remainder when j(-2) is divided by v.
4
What is the remainder when ((-6)/5)/((-6)/1245) is divided by 18?
15
Suppose 4 = 4*z, 41 + 74 = 3*a - 5*z. What is the remainder when a is divided by 15?
10
Let c = 4 + 0. Suppose -6*j - 162 = -c*i - 3*j, -2*i + 70 = 4*j. What is the remainder when i is divided by 10?
9
Calculate the remainder when 33 + (6 - 7)*1/1 is divided by 17.
15
What is the remainder when 6/(-5)*430/(-4) is divided by 26?
25
What is the remainder when 69 is divided by (-15)/(-20)*(-24)/(-1)?
15
Let q = -54 + 122. What is the remainder when q is divided by 15?
8
Let y be (-19)/(-4) - 3/4. Let i(s) = 0 - s**2 + 2 + y*s**2. Calculate the remainder when 26 is divided by i(2).
12
Suppose a - d - 13 = -4*a, -4*d = 5*a - 23. Suppose 2*i + a*n + 13 = 3*i, 2*i - 26 = -4*n. Suppose o = 28 + i. What is the remainder when o is divided by 14?
13
Suppose 15 = 2*y - 5*l, 0*l + 12 = -4*l. Suppose 0 = 4*f + 4*s - 472, 0*f + 3*f - 2*s - 349 = y. Calculate the remainder when f is divided by 30.
27
Let a = -165 - -193. Let d = 15 + -10. Suppose 10*g = d*g + 75. Calculate the remainder when a is divided by g.
13
Let q be (-89)/13 - (-6)/(-39). Let t = -3 - q. Suppose 2*f + 4*w = -16, f + 3*w + 3 = 2*w. Calculate the remainder when t is divided by f.
0
Let p = -12 - -17. Suppose 4*o = -5*t + 121, t = 4*o - 0 + p. Wh